(n) = -127*n**2 + 183*n**2 - 55*n**2 + 1 - n. Calculate t(1).
1
Let h(i) be the second derivative of -i**4/12 + i**3 - 13*i**2/2 - 6055*i. Determine h(-9).
-148
Suppose -2*y - 4*d = 30, 3*d = -23*y + 22*y - 20. Let v(w) = 7*w - 7. Give v(y).
-42
Suppose -4*f - 39 + 149 = f. Let s(p) = p**3 - 21*p**2 - 23*p + 43. What is s(f)?
21
Let y(w) = 14020*w - 14009*w - 13 + 3*w**2 + 36. Calculate y(-7).
93
Let c(s) = -2 + 2 - s - 2. Let z(u) be the first derivative of -4*u**3/3 - 5*u**2 + 140. Let w be z(-3). What is c(w)?
4
Let a(c) = 10 + 19107*c - 38213*c + 7*c**2 + c**3 + 19090*c. Determine a(-9).
-8
Suppose 98*j = 99*j + 4*g - 17, -j = -3*g + 25. Let f(o) = o**3 + 7*o**2 - 13*o - 12. Give f(j).
79
Let x(c) be the first derivative of -c**4/4 + 27*c**2/2 - 8*c + 3800. What is x(5)?
2
Let y(j) = -7*j**3 + 2*j**2 + 6*j**3 - 6 - 5052*j - 4 + 5053*j + 1. Calculate y(4).
-37
Let s(g) be the second derivative of -g**4/12 + 17*g**3/6 + g**2/2 + 5338*g. Calculate s(17).
1
Let j(q) be the second derivative of 0 + 11/12*q**4 - 17*q - 1/2*q**2 - 1/3*q**3. Let k be 6/(-4)*2/3. Give j(k).
12
Let l = -98 + 971. Let n = l + -874. Let s(j) = 6*j**2 - 2*j - 3. Give s(n).
5
Let c(j) = j**3 - 10*j**2 - 14*j + 30. Let k = 2205 + -2194. What is c(k)?
-3
Let n(f) = 3777*f - 3778*f - 3 + 11. Let q(p) = -p**3 - 7*p**2 - 6*p - 6. Let i be q(-6). Give n(i).
14
Let d(x) = 13 - x**2 + 132*x - 21 - 19 - 116*x. Calculate d(14).
1
Let f(m) = m**2 + 11*m - 7. Let v be ((-14)/(-4))/(624/(-2112)) - (-12)/(-78). Give f(v).
5
Let j(k) be the second derivative of k**5/30 - k**4/24 - k**3/6 + 69*k**2/2 - 3*k - 10. Let n(c) be the first derivative of j(c). Calculate n(-3).
20
Let f be ((-4)/14)/(-6 - 12/14). Let u(q) be the third derivative of 0 + 1/6*q**3 + 0*q - f*q**4 - 5*q**2 - 1/60*q**5. Calculate u(1).
-1
Let a(k) be the second derivative of k**5/20 - 5*k**4/12 + 11*k**3/6 - 13*k**2 - 3499*k. Calculate a(4).
2
Suppose 20 = 37*a - 54. Let u(i) = -10 - i**a - 3080*i + 3095*i - 16. Determine u(13).
0
Let w = 482 + -481. Let x(m) = -27*m**2 - w + 4*m + 37*m**3 + 3*m - 5*m + 26*m**2. Calculate x(1).
37
Let q(n) = -n**2 - 2*n. Let j(i) = i**3 - 18*i**2 - 9*i + 38. Let g(o) = j(o) - 3*q(o). Give g(15).
-7
Let i(j) = -3*j + 0 + 0 + 0 - 4. Suppose 6 = -3*o - 3*m, -5*m + 10 = -4*o + 2. Let d be 6/((-4)/(-8) + o). Determine i(d).
8
Let t(i) = i + 2. Let n(q) = -4*q**2 + q - 13. Let o(f) = -n(f) - 5*t(f). Let v be o(2). Let c(a) = 3*a - a**2 - 10 + 8*a - 5*a. Calculate c(v).
-17
Let l(b) = -b**3 + 8*b**2 - 15*b + 13. Let k be l(6). Let y be -9 - (-12 - k) - -9. Let a(w) = w**3 - 8*w**2 + 9*w - 1. What is a(y)?
13
Let g(s) = 15*s**2 - 25*s - 137. Let a(i) = -7*i**2 + 12*i + 63. Let p(q) = 13*a(q) + 6*g(q). Determine p(8).
-19
Let c(d) = -7*d - 4. Let k be 2*(7/(-2))/7. Let w be c(k). Let r(g) = -4*g - 7 + 7 + 8*g**2 - g**w - 4 - 6. Give r(7).
11
Let v(k) = -9*k**2 - 13*k + 27. Let m(c) = 5*c**2 + 7*c - 13. Let h(j) = 11*m(j) + 6*v(j). Let r(a) = a**3 - 4*a**2 - 7*a + 10. Let x be r(5). Give h(x).
19
Let k(u) be the third derivative of -7/3*u**3 + 1/24*u**4 + 0*u + 38*u**2 + 0. Give k(-6).
-20
Let c(r) be the first derivative of 5/4*r**4 + 13 + r - r**2 + 2/3*r**3. What is c(1)?
6
Let z(h) = h**3 + 10*h**2 + 10*h + 13. Suppose 59 = -4*v + 2*w + 23, 0 = -6*v + 4*w - 54. Calculate z(v).
4
Let m(n) = 25*n - 1. Let h = 704 - 1016. Let x = h + 313. Determine m(x).
24
Let j(i) = 2*i**2 - 9*i + 13. Let b be j(2). Let t(q) = 6*q**2 + 2*q**2 - 3*q - 5*q**2 + 0*q + 2*q**2 - q**3 - 4. Give t(b).
5
Suppose -15*z = -18*z + 126. Let y(p) = 79*p - 38*p - z*p + 7. Let g = -111 - -118. Calculate y(g).
0
Let r(b) = -72*b + 13. Let q(y) = 55*y - 16. Let x(l) = -4*q(l) - 3*r(l). Calculate x(8).
-7
Let q(n) = -n**3 + 7*n**2 + n. Let w(j) = 11*j**3 - 76*j**2 - 15*j + 1. Let a(l) = -10*q(l) - w(l). What is a(5)?
49
Let y(j) = -j**2 + 2*j - 2. Suppose -13*m = -30*m + 6069. Let k = m - 353. Determine y(k).
-10
Let f = -3 + 5. Let x(j) = 39*j**3 + 2*j + f*j + 4*j**2 - 40*j**3 + 7. Let g(i) = i**2 - 2*i - 115. Let d be g(12). What is x(d)?
2
Let u(g) = -g + 27. Suppose 2*r - 5*m - 16 = 1, -5*r + 8 = -m. Suppose 0 = 2*j - 4*n - 8, -r = -4*j - 4*n - 9. What is u(j)?
27
Suppose 1 = r - 2*u - 11, 4*r + u = 3. Let v(h) = r*h**2 - 3*h**2 + 0*h**3 - 7*h**2 + h**3 - 7*h**2 + 14*h + 1. Determine v(14).
1
Let u(r) = 10*r**2 - 8*r + 92 - 21*r**2 - 192 + 10*r**2 + 86. What is u(-7)?
-7
Let o(t) = 102*t - 5880. Let j(f) = 19*f - 1094. Let h(p) = 43*j(p) - 8*o(p). Suppose 1 - 13 = 3*y. Let g be (-30)/(-4) - 2/y. Give h(g).
6
Let h(l) = -l + 8. Suppose 0 = -8*y - 11 + 3. Let q(u) = 13*u**2 + 6*u - 2. Let x be q(y). Determine h(x).
3
Let i(r) = -19375 - 19496 - 21*r - 19510 + 58507. Calculate i(6).
0
Let x be (-4)/(-16)*-2*0. Let a(z) = -7*z - 4. What is a(x)?
-4
Let f(m) be the third derivative of 0*m - 1/24*m**4 + 1/15*m**6 + 0 - 18*m**2 + 1/60*m**5 + 0*m**3. Let x = -2 - -3. Calculate f(x).
8
Let u(h) = h**2 + h - 18. Let x = -77 - -90. Suppose -x*b = -11*b - 5*b. What is u(b)?
-18
Let m(y) = -5*y - 31. Let g(u) = -15*u - 94. Let t(a) = 2*g(a) - 7*m(a). Give t(-12).
-31
Let n be ((-2)/(-6))/((-2)/6). Let l(f) = -f - 705*f**2 - 25*f**3 + 1860*f**2 - 1156*f**2. Calculate l(n).
25
Let s(u) = u**2 - 27*u - 7307. Let k be s(-73). Let v(r) = -8 + 4*r - r - 4*r. What is v(k)?
-1
Let w(p) = -372*p + 752*p + 15 - 379*p. Calculate w(-14).
1
Suppose 5*h = -4*s + 228, -42*h + 39*h = 2*s - 136. Let m(n) = n**3 - 43*n**2 - 44*n + 3. Give m(h).
3
Let k(t) = -t - 3. Let u(a) = 2*a - 2. Suppose 15*r = -33 + 3. Let s(d) = r*u(d) + 3*k(d). Calculate s(-5).
30
Let r(o) = -o + 15. Let t = 478 - 480. Calculate r(t).
17
Let n(i) = -3*i - 10. Let g(m) = m**2 - 35*m + 41. Let p(h) = 2*g(h) - 6*n(h). What is p(3)?
4
Let t be 15*(4 + -5)*-1. Suppose 7*n = 20 + t. Let r(a) = 3*a**3 + 7*a**2 + 3*a - 1. Let p(m) = m**3 + 4*m**2 + m. Let v(d) = n*p(d) - 2*r(d). Give v(6).
-4
Let t(z) be the third derivative of -3*z**4/8 - z**2. Let q = 626 + -619. Let g be q + (30/(-25))/((-3)/(-15)). Calculate t(g).
-9
Let w be 1 + 1 - -13 - (-5 + 5). Suppose 48*p = 53*p - 170. Let o(h) = w - p + 7 - h + 16. What is o(3)?
1
Let c be (-3)/(-3*(-1)/3). Let n(g) be the second derivative of 0 + 1/12*g**4 + 2*g**2 + 1/3*g**3 - 34*g. Determine n(c).
7
Let t(k) = -44*k**3 - k + 1. Let p = 1491 - 1490. Calculate t(p).
-44
Let p(h) = 4*h - 59. Suppose -6*b - 45*b = 11*b - 868. Calculate p(b).
-3
Let h(l) = 4*l**2 - 3*l. Let o = 228 + -110. Let g(j) = -j**3 - 10*j**2 - 6*j - 8. Let u be g(-6). Let q = o + u. What is h(q)?
10
Let x(k) = k**3 - 4*k**2 + 2*k - 4. Let a = 150 - 138. Suppose -121*n = -117*n - a. Determine x(n).
-7
Suppose 9*l - 10 = 8. Let c(g) = 36532*g - 36524*g - g**l - 3 + 3*g**2. What is c(-6)?
21
Let h(f) = 336*f + 39. Let m(q) = 82*q + 10. Let u(y) = -8*h(y) + 33*m(y). Calculate u(3).
72
Suppose -7 = 2*x - 13. Let z(a) = -6*a + 0*a**x + a**3 - 11*a - 5*a**2 - 7 + 12*a. Suppose c - 24 = -3*c. What is z(c)?
-1
Let i(w) be the first derivative of -w**2 + w + 592. What is i(4)?
-7
Let d(o) = 21*o - o**3 - 6 + 22*o - 4*o**2 + 0*o**2 + 13*o - 58*o. Let c be (-1 + -2)*(7 - 8). Suppose c*u = b - 7, -2*u + 2*b - 6 = 2*u. Calculate d(u).
2
Let a(f) = f**3 + 18*f**2 - 15*f + 81. Let r(q) = -q**3 + 12*q**2 + 42*q + 26. Let z be r(15). Calculate a(z).
5
Let l(b) = b**3 - 14*b**2 + 2*b - 12. Let c be l(14). Let y(r) = -9*r. Let p(v) = v**2 + 37*v + 14. Let k(o) = -p(o) - 6*y(o). Determine k(c).
2
Let z = -244 - -279. Suppose m + 4*m - 2*w + z = 0, 4*m + 4*w = 0. Let l(k) = -k**2 - 4*k + 1. Give l(m).
-4
Let o(m) = 49 + 59*m + 40 + 69*m + 2*m**2 - 46*m. Give o(-40).
9
Suppose 6 = 2*f - 0. Suppose f*h = 4*j + 22, 2*h + j = 6*j + 24. Let i(u) = u**2 - 2*u**2 - h + 3 + 2*u**2. What is i(5)?
26
Let z(w) = -w**3 + 7*w + 1. Let p be z(3). Let m be 10 + -9 - 1/1*p. Let t(o) = -4*o + m*o + o - o - 3. What is t(2)?
1
Let n(r) = 9*r + 33. Let v be (2992/66)/17*6/(-4). Calculate n(v).
-3
Let w be (-54)/(-36) + 201/6. Let c(q) = -3*q - w + 16 + 19. Give c(8).
-24
Suppose 29*l = 1218 - 1189. Let b(s) = s + 3. Let v(k) = k + 2. Let g(r) = 3*b(r) - 5*v(r). Give g(l).
-3
Let y(s) = -5*s - 2. Let z be (4/8)/((-2)/(-8)). Suppose -5*q - 5*j + 5 = 0, -2*q + 3*q - z*j = 4. Suppose -18 = -4*b - 5*f, q*b 